= -3*f + 166, -3*f + 4*d + 166 = 12. Calculate the greatest common factor of m and f.
27
Suppose 19*m = 24*m - 140. What is the greatest common divisor of 4 and m?
4
Let m = -102 - -120. Calculate the greatest common factor of m and 72.
18
Let t(m) be the first derivative of 4*m**3/3 - 2*m**2 + 2*m + 6. Let v be t(2). What is the highest common divisor of v and 20?
10
Let r be 270/24 - (-2)/(-8). What is the greatest common divisor of r and 121?
11
Let u(p) = p**2 + 7*p - 10. Let m be u(-9). Let l(d) = -12*d**3 - d**2 - d. Let f be l(-1). What is the greatest common divisor of m and f?
4
Let v be (-2)/(-3)*(5 - 53/(-2)). Suppose 58 + 26 = 2*l. What is the greatest common divisor of l and v?
21
Let n be (-1*10)/(4/(-8)). Let q be -1 - (-2 + -101 - -2). What is the greatest common divisor of q and n?
20
Let j be 0*(-1 - (-2)/4). Let g be 6*(26/4 + j). Calculate the highest common factor of g and 13.
13
Let q = -3 - -34. Let b = -13 + q. What is the highest common factor of b and 12?
6
Let o(k) = k**2 + 4*k - 2. Let d be o(-5). Let p be (7/d)/(3/27). Let l = p + -13. Calculate the highest common divisor of 20 and l.
4
Let c be ((-84)/(-16) + -1)*44. What is the greatest common divisor of c and 17?
17
Let r = -57 - -122. What is the greatest common factor of r and 39?
13
Suppose -7*b + 5*b = -308. What is the highest common factor of 14 and b?
14
Let q(p) = 12*p**2 - 3. Let a be q(-3). Calculate the highest common factor of 42 and a.
21
Suppose 2*b + 33 = 5*b. Let p(w) = 5*w**2 + 6*w - 1. Let y be p(-4). What is the highest common divisor of y and b?
11
Let v(h) be the first derivative of -1 + 17/3*h**3 - 1/2*h**2 + 0*h. Let l be v(1). Calculate the highest common factor of 40 and l.
8
Let u be -1 + (0 + -2 - -3). Suppose l = -2*z + 148, u*z - 156 = -2*z - 3*l. Calculate the highest common divisor of z and 18.
18
Let t(m) = m**2 - 2. Let o be t(-3). Suppose 2*d - 13 = o. Let q(g) = -29*g - 8. Let i be q(-2). What is the greatest common divisor of i and d?
10
Suppose -3*q + 6 = 2*p, 2*q = 3*p + 4*q - 4. Suppose p = -5*f + 42 + 128. Suppose -2*n + 17 = -n. Calculate the greatest common divisor of n and f.
17
Suppose 5*v = v - 104. Let m = v + 40. Let l be 2 + m - (-1 + -1). What is the highest common divisor of 162 and l?
18
Suppose -n = 0, 24 = 5*s + 3*n - 36. Let r = 32 - s. Let j(f) = -6*f**3 - f**2 + 3*f - 4. Let x be j(-3). Calculate the greatest common divisor of r and x.
20
Let s = 7 - 4. Suppose s*z - 55 - 32 = 0. Suppose 2*q + l = 6*l + 38, q - 5*l = z. What is the greatest common divisor of q and 27?
9
Let b be ((-2)/6)/(10/(-390)). Let l be (-1)/3 - (-2)/6. Suppose 4*u - 16 - 36 = l. Calculate the highest common factor of u and b.
13
Suppose -u = 5*k - 218, 3*u - 9 = k - 59. What is the highest common factor of k and 44?
44
Suppose -5*y = 4*m - 100, 3*m + 5*y - 3*y = 82. What is the highest common factor of 6 and m?
6
Let f = 33 - 23. Let y = 71 + 19. What is the greatest common divisor of y and f?
10
Let y(u) = -67*u - 2. Let m be y(-1). Calculate the highest common factor of m and 13.
13
Let v = 26 - 11. Suppose 3*u - 42 = -2*y + v, -4*u = 4. What is the greatest common divisor of y and 10?
10
Let g(u) = -2*u**3 - 49*u**2 + 27*u + 58. Let m be g(-25). What is the greatest common divisor of m and 8?
8
Let s be (-16)/(-10)*(3/2 - -1). Suppose 2*q - 5*h + 0*h = 27, -q - 4*h = 19. Calculate the highest common divisor of s and q.
1
Let q be (-7)/(-14)*(-4 - 0). Let m be 58*(q + 16/4). What is the highest common divisor of m and 29?
29
Let v be 3/2*(-8)/(-3). Suppose l + 18 = v*l. Let p(a) = -a**2 + 5*a + 8. Let m be p(6). What is the highest common divisor of l and m?
2
Suppose 128*w + 18 = 129*w. What is the greatest common divisor of w and 162?
18
Let y(l) = -l**2 + 8*l + 3. Let o = 16 + -11. Let g be y(o). Suppose -3*k - 45 = -0*v - v, 180 = 4*v - 3*k. What is the greatest common divisor of v and g?
9
Suppose -99 = -2*l - 39. What is the greatest common divisor of l and 30?
30
Let y(h) = h**3 - h**2 + 7. Let g be y(0). Suppose -3*w = 2*w - 385. What is the highest common divisor of g and w?
7
Suppose 0 = -3*o - 9, -3*n = -5*n - 5*o + 7. What is the greatest common factor of n and 11?
11
Suppose -5*u + 36 = -3*u. Let q = -3 - -8. Suppose -g - p + 78 = 2*p, -5*g + 350 = -q*p. Calculate the greatest common divisor of g and u.
18
Suppose -21 = -3*i - 3*h, -i + 5*h = 2*i + 11. Let f(w) = -4 + 1 - 11*w + 2. Let q be f(-2). Calculate the greatest common factor of q and i.
3
Let i be -3 - (1 + -33*66). Let k be (-10)/(-55) - i/(-22). Calculate the greatest common factor of k and 11.
11
Suppose -3*g = -4*g + 3*p + 54, 0 = -g - p + 46. Calculate the highest common factor of 96 and g.
48
Let u = 166 - -83. Let c be (-3)/4 + u/(-4). Let f = 91 + c. Calculate the highest common divisor of f and 42.
14
Let f = 82 + -27. Let y = -14 - -25. What is the greatest common divisor of y and f?
11
Let i = -1 + 14. Calculate the highest common divisor of i and 52.
13
Let i = 7 - 4. Suppose -3*k - i*m + 225 = 0, 0 = 3*k + m + 34 - 253. Calculate the highest common divisor of k and 8.
8
Suppose -3*y + 4*y - 7 = 0. Suppose -k - 2*s = 4*k - 17, 2*s = -3*k + y. What is the greatest common divisor of 35 and k?
5
Suppose a - 3 - 6 = 0. What is the highest common divisor of 1 and a?
1
Suppose -3*w + 5*a + 28 = 0, 0*w + 25 = 5*w - 4*a. Suppose -2*d + w = -23. Calculate the greatest common factor of d and 12.
12
Let i(o) = 2*o - 1. Let y be i(3). Suppose 11 = y*h - 9. What is the greatest common factor of 16 and h?
4
Let x(d) = 9*d + 27. Let v be x(13). Calculate the greatest common divisor of 16 and v.
16
Suppose 2*q - 353 = -3*d + 292, 4*d = -2*q + 862. What is the greatest common factor of d and 31?
31
Let r(h) = -4*h. Let k be r(-1). Suppose -2*d - 58 = 3*y - 140, k*y - 140 = 5*d. Calculate the highest common divisor of 6 and y.
6
Let p be (-105)/2*2/(-3). Let t(v) = -6*v - 1. Let y(r) = r**3 - 4*r**2 + 3*r - 1. Let n be y(3). Let u be t(n). What is the greatest common divisor of p and u?
5
Let b(q) = -2*q - 3. Let l be b(-3). Suppose -330 = -l*g - 0*g. What is the greatest common factor of g and 10?
10
Let m(l) = 2*l + 1. Let n be m(7). Let c be (-6)/4*(-80)/n. What is the highest common divisor of c and 8?
8
Let n(m) = m**3 - 4*m**2 - 2*m - 4. Let d be n(5). Let x(c) = 12*c - 1. Let r be x(1). What is the greatest common divisor of r and d?
11
Let f(r) = -2 + 0 + 2 + r**2 - 2 - 2*r. Let u be f(4). Calculate the highest common factor of 15 and u.
3
Let k(t) = 3*t - 23. Let c be k(11). What is the highest common factor of c and 2?
2
Suppose 5*z - 2 - 3 = 0. Suppose 2*g = -z + 13. Suppose -4*q + 274 + g = 0. Calculate the highest common factor of 14 and q.
14
Let s be (200/35)/(8/28). What is the highest common factor of s and 50?
10
Let b(g) = g**2 + 5*g + 3. Let c(j) = j + 7. Let k be c(-12). Let s be b(k). What is the greatest common divisor of s and 24?
3
Suppose -5*w + 31 = -3*q, 0*q = 2*q - 6. What is the highest common divisor of w and 8?
8
Suppose t + 1 = 0, 4*u - 5 = 2*t + 9. Let c be -1 - (-13 - (0 + u)). Suppose -r + 41 = -c. Calculate the greatest common factor of 7 and r.
7
Let w be (63/28)/(6/(-16)). Let o(b) = -3 + b**2 + 5*b + 3. Let p be o(w). What is the highest common divisor of 6 and p?
6
Let l(n) = n**2 + 1. Let j be l(2). Suppose 4*r - 3*m + j*m - 66 = 0, 3*r = -m + 51. Let h be 9/6*(1 + 5). What is the highest common factor of h and r?
9
Suppose 4*m + 3*d - 180 = 0, -3*d = -4*m - 2*d + 196. Suppose 6*h = h + 30. What is the greatest common factor of m and h?
6
Let w be 6/(2/(-4) + 2). What is the greatest common divisor of w and 3?
1
Let q(k) = -8*k - 10. Let s be q(-8). Suppose -4*x + s = 3*c, -x + 3*x - 62 = -4*c. Calculate the greatest common factor of c and 112.
14
Suppose 10*b = 5*b - 30. Let u be b/(2 + 0) - 28. Let v = -16 - u. Calculate the highest common divisor of 6 and v.
3
Suppose -11*l + 60 = -6*l. Calculate the greatest common divisor of l and 48.
12
Let s be -22*(1 - 22/4). Let r(w) = 2*w**3 - 2*w**2 + 2*w - 1. Let b be r(2). What is the highest common factor of b and s?
11
Let z(b) = -b**2 + 2*b**2 - 2 - 2*b**3 + b**3 + 0*b**2 - 3*b. Let a be z(-2). What is the highest common divisor of a and 2?
2
Suppose -p + 0*c = -c - 17, 